What is -13 - -8 - (34 + (4 + -8 - -3))?
-38
Calculate 81 - (-16 - -7 - -59 - 12).
43
What is the value of 94 + -91 + 22 + 18?
43
What is the value of (-26 - 18) + 44 + 25?
25
17 + (35 - 13) + -21 + 3
21
What is the value of 131 + -186 + (9 - -24)?
-22
Evaluate -40 + (-27 + 16 - 55 - 0).
-106
-2 - -8 - (2 + -28 - (-256 + 232)) - -3
11
What is the value of (34 + (-9 - 10) - -33) + 10?
58
What is the value of 557 + -494 + (2 - (4 + 9 - 2))?
54
What is the value of (6 - -2 - (-17 - -11)) + -649 + 647?
12
1 + -7 - (-214 + 219 + -2 + 12 + 1)
-22
Evaluate (7 + (-86 - -56) - (-14 + -1)) + 21.
13
What is 33 + 13 - 41 - (144 + -16)?
-123
What is the value of (-16 + -182 - -17) + 111?
-70
-1 - 30 - (-1653 + 1525) - -13
110
What is (-28 - 44) + 47 - ((-1 - 0) + 4)?
-28
Evaluate 18 + (30 - (-91 + 180)).
-41
64 - 39 - 11 - (48 - -13)
-47
What is -5 - (0 - 25) - (-144 + 153) - -9?
20
Evaluate (-88 - -2 - -34) + 44.
-8
What is 21 + -7 - 12 - (32 - 18) - (99 + 12)?
-123
Evaluate (-2 - 42) + -1 + (-7867 - -7790).
-122
What is 0 + -3 + (54 - 60) - 22?
-31
Evaluate (-11 - (-7 + 27 - 38)) + -5.
2
Calculate 18 + 1 + (57 - 10 - 114).
-48
-3 - 11 - (2 - (-7 + -1 - (-143 - 19)))
138
-10 + ((-3 - 6) + -4 - -17) - (-1 + -80)
75
What is -32 + 2 + (-116 - (-159 + 28))?
-15
What is (-88 + 55 - 5) + 35?
-3
16 + 9 + (-10 - (16 - -16)) - -114
97
What is the value of 5 - 18 - (19 + (19 - (14 - 0)))?
-37
What is the value of -26 + (-23 + 5 - -16)?
-28
Evaluate -13 + -4 + 40 - 85.
-62
Calculate (-50 - 1 - (82 - 55)) + 31.
-47
What is -83 + -2 - ((29 - 181) + 119)?
-52
What is the value of 0 + 7 + (-59 - (2 + -15)) + 11 + 14?
-14
What is 9 - -2 - (-10 + (-4 - (35 - 67)))?
-7
Calculate 99 + -10 + 5 - (-64 - -68).
90
Evaluate -2 + (2 - 0) + -8 + 38 - (9 + -7).
28
What is 27 + -2 + -1 + (-57 - -52 - (0 + -11))?
30
(28 - -2) + (-204 - -176)
2
What is the value of 73 + (103 - (36 + -4) - 40)?
104
What is 7 - (1 - 1) - (1 + 18 - (-8467 - -8386))?
-93
Evaluate 47 - (42 + 117 + -23).
-89
Evaluate (57 - 1) + (-37 + 37 - 17).
39
What is the value of 258 + -87 + -47 - 40?
84
-34 + 19 + 18 + (3 - (4 + 53))
-51
Evaluate (23 - 24) + -38 - -43.
4
Calculate 2 + -4 + 28 + -15 - (-30 + 0).
41
1319 + -1266 - (143 - -1)
-91
What is the value of 11 + -2 + (-27 - -15 - 12) + 10?
-5
Evaluate -9 - (-41 + 3 + (-26 - -7)).
48
What is 4 + (-12 - -8) - ((-3 - 1) + 0) - -19?
23
6 - (-47 + 2 - (-879 + 906))
78
What is the value of (-4 - 10 - -29) + (-17 - -12)?
10
Evaluate (-39 + 32 + (9 - -3) + -1 - 12) + 23.
15
What is the value of 1364 + -1348 + (-16 - 1)?
-1
What is 0 - (-110 + -15) - 109?
16
What is 21 - (-27 + 82 + -29)?
-5
Calculate 46 + -112 - -9 - -33.
-24
What is the value of (-1 - (-3 + 0)) + (22 - (35 - 24))?
13
What is (-69 - (-122 - 14)) + -23 + 7 + 0?
51
Calculate 1 + 58 + 11 + (37 - 19).
88
What is the value of -73 + 79 - (29 - (22 - 7))?
-8
What is the value of 7 + -13 + 1 + -43 - (-47 + 35)?
-36
Evaluate -47 - (-3 - (1 - (-6 + -27))).
-10
Evaluate 38 + -24 + 23 + -21 + -52 + 1.
-35
Calculate 77 + (-39 - -3) + 0 + (115 - 99).
57
What is (4 - -40 - (3 + -4)) + (637 - 644)?
38
(-5 - 20) + -3 - (2078 + -2181)
75
157 - -1 - (6812 - 6707)
53
-13 + (26 - -5) - (0 - -7 - -25)
-14
What is the value of 758 + -708 + -5 + -4?
41
What is -20 + (41 - 38) - -40?
23
What is the value of 2 + 31 - (-22 - (39 + -55))?
39
Evaluate (-10 + 2 + 0 - (-3 + (-4 - -6))) + 91.
84
What is the value of (15 - 14 - -4) + -1 + -34?
-30
Evaluate 154 + -203 + (0 - -17) - -134.
102
What is -11 + (2 - -20 - 21 - (4 - 59))?
45
What is the value of -13 - (-9 + 19 + 19 - 53)?
11
-20 + -51 + 27 + -62
-106
What is -5881 - -5891 - (2 + (0 + 53 - -1))?
-46
What is the value of 40 - (-4 + 1) - (-157 - -175)?
25
Evaluate -45 - (-39 - (-28 + 30)).
-4
What is the value of 23 + (-13 - 12) + (-4 - -49) - (3 + -1)?
41
What is the value of (-16 - -10 - 2 - -5 - 51) + 13?
-41
What is -36 + 28 + 46 + 8 + -15?
31
What is the value of 2 + (5 - -31 - 138)?
-100
What is the value of (-6 - -8) + -15 + -32 + (24 - 11)?
-32
Calculate -1 + -6 - (15 + (0 - 0) - (-346 - -335)).
-33
(1 - -2) + 49 - (-37 + 61 + -31)
59
What is the value of -37 - -2 - -21 - (-32 + 16)?
2
What is the value of (-25 - 13) + 18 + (23 + 68 - -15)?
86
What is the value of 54 + (-61 - 34) + 131?
90
Evaluate -19 + (13 - 4) - 4 - -16.
2
-3 - -80 - (30 - 28 - (3 + 5 + -3))
80
Evaluate -1645 + 1606 + (2 - -1).
-36
What is -13 + (-15 - 0) + (-551 - -571)?
-8
Calculate 29 + (45 - 110 - 28).
-64
(21 - 9) + -14 - -19 - 11 - 0
6
What is the value of -98 - -4 - (58 - (166 - 92) - (1 + -19))?
-96
Calculate (2 - (2 + -11)) + (-17 - (-16 + 7)).
3
Evaluate 10 - 7 - (-2 - -19).
-14
Calculate 98 + -107 + (-16 - (5 - 3)).
-27
Calculate (21 - 8) + 22 + -36 - 7.
-8
Calculate 48 - (-49 + 62) - (-7 + -53).
95
Calculate (-14 - -3) + (15 + -8 - (50 + 12 - -3)).
-69
-176 + 101 + 93 - (-1 - 14)
33
What is -21 + 39 + 33 + 8 + -29?
30
Calculate -47 + 4 + -148 + 56 + 9.
-126
What is (7 - -80) + -108 + -51?
-72
Evaluate (-21 - 0 - (23 - 38)) + -28.
-34
Calculate -15 - (-13 - (-94 - -1 - (-44 - -50))).
-101
What is -84 + (-2 - -9) + 161 + -142?
-58
Calculate 87 - -3 - (1495 + -1436) - (0 + 9).
22
What is 28 - (162 - 150 - (17 - 0) - -5)?
28
Calculate (-1 + -1 - 4) + (130 - 167) + -4.
-47
Calculate -28 + -96 + 69 + (-1 - -1) - (4 + 0).
-59
Evaluate -47 + 106 + 15 + -40.
34
5 - (-16 + 16 + -19 + (8 - -7))
9
What is the value of 28 + -33 + -21 + -12?
-38
Evaluate 52 + -128 + 33 - 14.
-57
Evaluate -25 + (-1 - -1) - (-2300 + 2292).
-17
What is the value of 105 + (-4 - (-11 + -7)) + (0 - 2 - -1)?
118
Evaluate -5 - (20 + (15 - (-5 + 9))) - (-2 - 5).
-29
What is the value of (-3 - 4) + (3 - 1) + 151 + -164?
-18
What is the value of 1464 - 1357 - (4 + -4 - -40)?
67
19955 - 19979 - (0 + -1 + -82)
59
What is the value of -56 + 12 + -1 - (26 + 5 - 27)?
-49
What is the value of -37 + (12 - (-9 + (16 - 6)) - 9) + 5?
-30
Calculate (37 - (-46 - -81)) + (-32 - 1).
-31
Calculate 18 + 16 - ((-11 - (-23 - -13)) + 0).
35
57 - 15 - (-4 + (-9 - -1) - -9)
45
-8 + (5 - (10 + (9 - 13) - -7)) + 6
-10
Calculate 18 - (-55 - (-20 - (-16 - 16))).
85
What is the value of -14 + (-14 - 37) + 40 + 78?
53
(23 - 6) + -5 - -11 - (-62 + 21)
64
Calculate 21 - (-74 - -101) - 1.
-7
Calculate -70 - (-25 + 52 + -7).
-90
Calculate (-6 - (30 + (6 - -1))) + (-360 - -373).
-30
What is -14 + 1 + -43 + 83 + -30 + 6?
3
Calculate -2 + -49 - (4 + (1 - 4 - 10 - -1)).
-43
Evaluate -15 + -21 + 37 + (-33 - 6).
-38
Evaluate 15 + -11 + -51 - -6.
-41
Calculate 33 - (-17 - -68) - -27 - (2 + -11).
18
Evaluate (3 - (44 + -25 + -30)) + (59 - 0).
73
What is the value of -3 + 46 + (-25 - -5)?
23
What is (-51 + -5 - -44) + 14 + 3?
5
((-2 + -2 - -4) + -10 - (-81 - -62)) + -20
-11
Calculate -87 + 38 + (112 - 18).
45
Evaluate (-5 + 0 - (-4 + -36 + (9 - -21))) + 23.
28
What is 21 + -9 + -9 + -41 - -16?
-22
Evaluate 18 + 4 + 28 + -35.
15
7 + -6 + 1 + (-163 - -205)
44
What is -10 + 10 + 0 + (72 - 50)?
22
(-2 + -3 - 14) + -951 + 950
-20
What is the value of 31 + 5 + -25 + -1 + -2 - 11?
-3
Calculate 68 - (-1 - (1 - 1)) - (-824 + 1608 + -789).
74
What is (-11 + 32 - 15 - 5) + (6 + 5 - 6)?
6
Calculate -34 + 22 + 46 + -75.
-41
Calculate (-4 - (17 - 40)) + -17 + -1 - -19.
20
Evaluate -1 + -1 - -55 - ((75 - -129) + -207).
56
-36 - 25 - (66 + -67)
-60
Evaluate -196 + -3 - (10798 + -10850).
-147
109 - 39 - 2 - 4
64
What is the value of 41 + -12 + -24 + -3 + 1 + -34?
-31
What is the value of (-2 - -7) + -378 + 288?
-85
Calculate 14 + (-82 - -28 - -44).
4
-33 + (4 + 40 - 21) + 59
49
Calculate (687 - 737) + (40 - 2).
-12
What is (-69 - (18 + -36)) + (15 - (-3 + 4))?
-37
What is (-56 - -101) + 1 + -41?
5
Evaluate (13 - 2 - (12 - 12)) + (-33 - -40).
18
What is -7 + 7 + -6 + -6 - (-2 - (9 + 50))?
49
What is the value of (-1 - -17) + (-221 - -217) - (-26 + 10)?
28
What is -2 + -3 + (15 + (11 - (-30 + -2)) - 3)?
50
What is the value of 2 + (3 - -3) + 0 + -282 + 252?
-22
Evaluate (-10 - 1 - -1) + -45653 + 45657.
-6
Calculate (58 - 120 - 30) + -7.
-99
51 - ((-25 - -50) + -54 + 6)
74
-1 + 23 + 445 + -537 + 17
-53
What is -76 - (37 + -67 + -7)?
-39
Calculate 0 - -6 - (-659 + 602).
63
-1 + 12 + (-6588 - -6577)
0
Calculate -94 + (5 + -5 + 10 - -2 - (1 - -2)).
-85
Calculate -132 + 133 + (75 + -17 + 